mainder when 139 is divided by b?
13
Let p(o) = -2*o**2 - 2*o + 10. Let d be p(0). Let h(g) = 2*g - 13. What is the remainder when 25 is divided by h(d)?
4
Let n be ((-6)/9)/((-2)/6). Suppose -n*q + q + 8 = 0. Suppose 21 = s - 10. Calculate the remainder when s is divided by q.
7
Suppose -2*f = -14*p + 17*p - 910, -20 = 5*f. What is the remainder when p is divided by 14?
12
Let m(r) = r**3 + 3*r**2 - 4*r. Let a(f) = 4*f - 15. Let p(v) = 4*v - 15. Let d(x) = -3*a(x) + 4*p(x). What is the remainder when d(9) is divided by m(-3)?
9
Let t be (-12)/8*-2 - -1. Suppose -3*k - 11 = -t*h, 2*h - 3*h + 2*k - 1 = 0. What is the remainder when 43 is divided by 16 - h - (-1 + -3)?
13
Suppose -3*b = 5*k - 41, 3*b - 26*k - 76 = -24*k. What is the remainder when 59 is divided by b?
15
Calculate the remainder when ((-1352)/6)/(-2 - 12/(-9)) is divided by 111.
5
Let o(w) = 10*w + 6. Let p be 1 + -2 + 0 - -40. Let s = p - 12. What is the remainder when o(10) is divided by s?
25
Let w(d) = 4*d + 228. Calculate the remainder when w(-43) is divided by 24.
8
Let w(c) be the third derivative of -c**4/12 + 29*c**3/6 + 7*c**2 + 1. What is the remainder when 48 is divided by w(8)?
9
Suppose 0 = -2*i - 4*i + 732. Let x = i - 110. Calculate the remainder when 33 is divided by x.
9
Let o(n) = -n**3 - 4*n**2 - 4*n. Let i(h) = h**3 - h**2 + h - 1. Let f(s) = -2*i(s) - o(s). Calculate the remainder when 40 is divided by f(6).
12
Let y be 34/12 + ((-28)/(-24) - 1). Suppose -l + 34 = 4*b, 4*b - 103 = -y*l - 9. What is the remainder when l is divided by 11?
8
Suppose 60 = 5*y - 2*d, -d - 24 = -2*y + 2*d. What is the remainder when 1/(-4) + (1330/15)/((-8)/(-3)) is divided by y?
9
Let a = 142 - 140. Suppose -p + 5*c = -4*p + 39, a*c = -6. Calculate the remainder when 46 is divided by p.
10
What is the remainder when 214 is divided by (-144)/84*(-9 - -2)?
10
Let u(d) = -3*d**3 - 4*d**2 - d + 4. Let b be -6*(-4)/(-3 - 9). Let f be u(b). Calculate the remainder when 19 is divided by 79/7 + (-4)/f.
8
Suppose 3*q = 2*l + 2, 2*q + 1 = -l + 6*q. Calculate the remainder when 135 is divided by 17/((l + (-3)/(-6))*-2).
16
Let j(v) = -5*v - 2 - 3*v - v**2 + 3 - 2. Calculate the remainder when j(-6) is divided by 4.
3
Suppose -82*f + 60*f = -2970. Calculate the remainder when f is divided by 11.
3
Suppose -h - 6 = -13. Suppose h*x = 5*x + 10. Suppose -4*n + 69 = x. What is the remainder when n is divided by 5?
1
Calculate the remainder when 65 is divided by (30/(-9))/(((-272)/120)/17).
15
What is the remainder when 581 is divided by (-4)/(-34) - 17334/(-918)?
11
Let s = -48 + 62. Calculate the remainder when 21 is divided by (-26)/(-6) - s/42.
1
Suppose 57*g = 41*g + 4080. What is the remainder when g is divided by 16?
15
Let t(z) = -12*z + 65. Let r = -9 - -23. What is the remainder when r is divided by t(5)?
4
Let l(h) = -2*h**3 - 8*h**2 - h + 8. Let f(w) = -4*w + 27. Let m be f(8). What is the remainder when l(m) is divided by 17?
12
Let o(z) = -z**3 - 10*z**2 + 20*z + 98. Calculate the remainder when o(-12) is divided by 55.
36
Suppose -3*m = 6*q - 4*q - 129, 0 = -5*q + 4*m + 380. What is the remainder when 431 is divided by q?
71
Suppose -b - 5*o + 89 = -3*o, 5*b - 5*o = 520. Calculate the remainder when b is divided by 58.
41
Let m = -1035 + 1182. Calculate the remainder when m is divided by 39.
30
Let l = -323 - -386. What is the remainder when 249 is divided by l?
60
Suppose -j = 2*j + j. Suppose 4*t - t - 12 = j. Let y = 46 + -33. What is the remainder when y is divided by t?
1
Let i = 107 - 45. Let a(q) = -6*q + 39. Calculate the remainder when i is divided by a(5).
8
What is the remainder when ((-9)/6)/(1122/(-372) - -3) is divided by 51?
42
Let q(j) = -12*j**3 + 1. Let i(u) = 2*u**2 - 4*u. Let d be i(3). Suppose n - 11 = -a, 2*a - d = -0*a. Calculate the remainder when q(-1) is divided by n.
5
What is the remainder when (-340)/(-1) - (-9 - -1) is divided by 33?
18
Let a(l) = -3*l**2 - l - 10. Let h be a(-6). Let t = h - -161. What is the remainder when t is divided by 28?
21
Suppose -b + 9*b = 4152. Calculate the remainder when b is divided by 8.
7
Suppose -18*s + 44 = -14*s. What is the remainder when 153 is divided by s?
10
Let o = 9 + -4. Suppose -4*m - 40 = -2*n, o = -7*m + 2*m. Suppose -15*z + 1249 = 454. What is the remainder when z is divided by n?
17
Let b = -53 - -64. Let c = 24 - b. What is the remainder when 7*3 - (0 - 2) is divided by c?
10
Suppose j + o - 11 = -2*j, 2*j = 3*o + 22. Suppose -j*c + 167 = -188. What is the remainder when c is divided by 18?
17
Suppose y = -2*y + 33. Let s = -1206 + -557. Calculate the remainder when s/(-82) - (5/2 - 1) is divided by y.
9
Suppose -2*t = -4*t - 16. Let s(q) = q - 8*q**2 - 5*q**3 + 4*q**3 + 2 + 9. Calculate the remainder when s(t) is divided by 1.
0
What is the remainder when 394 is divided by 2/6 + (-6)/((-72)/140)?
10
Suppose -4*c - 62 = 90. Let v = -34 - c. Suppose -v*u = -8 - 20. What is the remainder when u is divided by 2?
1
What is the remainder when 16 + -18 - 23*-2 is divided by 18?
8
Let o(b) = 2*b + 40. Let u be o(-13). Suppose -8*a - u = -9*a. What is the remainder when 69 is divided by a?
13
Let m(c) = 8*c - 52. Calculate the remainder when m(11) is divided by 13.
10
Calculate the remainder when 12314/16 + 48/128 is divided by 97.
91
Let x = 7 - 5. Suppose -x*l - 4 = -12. Suppose 0 = 5*f - 7*t + 6*t - 76, -4*f + 3*t + 63 = 0. Calculate the remainder when f is divided by l.
3
Suppose 4*f = 3*f + 3. Let j(o) = 5*o + 26. Let k be j(-6). Let m = 12 + k. Calculate the remainder when m is divided by f.
2
Let g(m) = -53*m + 85. Calculate the remainder when g(-5) is divided by 22.
20
Suppose 0*w + w - 4 = 0. Let l(y) = y**2 + 12*y + 24. Let m be l(-14). Suppose 0*c + c = d - 13, -m = -w*d + c. What is the remainder when d is divided by 7?
6
Let w(i) = i**2 - 6*i + 9. Let y(p) = p**2 + 10*p + 9. Let c be y(-9). Suppose 0 = -a - c + 7. What is the remainder when 47 is divided by w(a)?
15
What is the remainder when 15 is divided by (-1357)/(-299) + (-18)/(-39)?
0
Let k(g) = g**3 + 10*g**2 - 13*g - 15. Let j be k(-11). Suppose 0 = j*q - 9*q + 86. Suppose -s + q = 10. Calculate the remainder when 97 is divided by s.
31
Let h = -162 + 168. Let k(j) = -j - 4. Let i be k(-5). Suppose 4*n + i = 13. Calculate the remainder when h is divided by n.
0
Let h = -85 - -6. Let j = h + -13. What is the remainder when 4*2*j/(-32) is divided by 8?
7
Let p = 58 + 202. Calculate the remainder when p is divided by 44.
40
Let z = 453 - 398. Calculate the remainder when z is divided by 9.
1
Let c(x) = 4*x - 5*x - 8 - 4*x - x. Let d = -1 - 5. Calculate the remainder when 53 is divided by c(d).
25
Suppose 5*t = 11 + 34. Suppose 0 = -3*n - 9, 3*f - 21 = -4*n + n. Suppose -11*c + 35 = -f*c. What is the remainder when c is divided by t?
8
Suppose -5*y + 120 = -5*d + 45, 2*y - 18 = -2*d. What is the remainder when 71 is divided by y?
11
Let q(p) = -p**3 + 5*p**2 - p - 6. Let a be q(4). Let j = 9 - a. Let k(f) = -f - 13. Calculate the remainder when k(-19) is divided by j.
0
Suppose -4*b + 2*p + 17 + 39 = 0, p = 4*b - 54. Calculate the remainder when 219 is divided by b.
11
Let k be (-108)/(-15) + 1/(-5). Suppose -r - 2*y + 11 = 0, -k = 5*r - 5*y - 2. Suppose r*b - 90 = -2*b. Calculate the remainder when 69 is divided by b.
15
Let l be (2 - 7/3)*0. Suppose l = -15*n - 2*n + 68. What is the remainder when 9 is divided by n?
1
Let x(a) = -a - 14. Let p be x(7). Calculate the remainder when 13*((-1)/(-3))/((-7)/p) is divided by 7.
6
Calculate the remainder when (399 - 1) + 390/39 is divided by 13.
5
Let p = 21 - 3. Suppose -2*o = 5*i - 0 - 5, 5*i = -o. Let t(h) = -56*h - 3. Calculate the remainder when t(i) is divided by p.
17
Let p(s) = 41*s + 3. Let r(l) = l**2 + 5*l. Let f be r(-6). Let b = f - 5. What is the remainder when p(b) is divided by 15?
14
Suppose 0 = -s - c - 9 + 94, s - 3*c - 73 = 0. Let l be s/(-8) + 8/32. Let f(o) = -o + 11. What is the remainder when 39 is divided by f(l)?
18
Suppose 3*f - 51 = 180. Suppose 197 - f = 5*r. Calculate the remainder when r is divided by -3 - (4 - 15 - 1).
6
Let k be 4/(-2) - (6 + 4). Let x be (k/(-16))/((-1)/(-4)). Suppose 2*p - 2*h = 12, x*p - 22 = -4*h + 31. What is the remainder when p is divided b